41, 337
What are the prime factors of 8017491?
3, 2672497
What are the prime factors of 5168169?
3, 23, 24967
What are the prime factors of 536779?
536779
What are the prime factors of 1014666?
2, 3, 169111
List the prime factors of 483314.
2, 13, 29, 641
What are the prime factors of 1344300?
2, 3, 5, 4481
What are the prime factors of 3225609?
3, 193, 619
What are the prime factors of 1277176?
2, 17, 9391
What are the prime factors of 400805?
5, 19, 4219
List the prime factors of 216381.
3, 11, 79, 83
What are the prime factors of 14640934?
2, 7, 11, 95071
List the prime factors of 5909244.
2, 3, 11, 89, 503
What are the prime factors of 2807787?
3, 107, 8747
List the prime factors of 112015.
5, 43, 521
List the prime factors of 205342.
2, 83, 1237
What are the prime factors of 6339295?
5, 1267859
List the prime factors of 3381004.
2, 11, 43, 1787
List the prime factors of 2225358.
2, 3, 123631
List the prime factors of 951373.
951373
List the prime factors of 2366327.
971, 2437
What are the prime factors of 28046134?
2, 31, 241, 1877
What are the prime factors of 2911932?
2, 3, 47, 1721
List the prime factors of 652257.
3, 23, 137
What are the prime factors of 3259480?
2, 5, 7, 1663
What are the prime factors of 215198?
2, 107599
List the prime factors of 5787279.
3, 643031
What are the prime factors of 9266022?
2, 3, 29, 61, 97
List the prime factors of 298135.
5, 59627
What are the prime factors of 133893?
3, 19, 29
What are the prime factors of 1777864?
2, 11, 89, 227
List the prime factors of 23253196.
2, 43, 135193
List the prime factors of 1253804.
2, 463, 677
List the prime factors of 763030.
2, 5, 76303
What are the prime factors of 450192?
2, 3, 83, 113
List the prime factors of 87182.
2, 43591
List the prime factors of 989970.
2, 3, 5, 32999
List the prime factors of 3382994.
2, 113, 14969
List the prime factors of 14744003.
31, 475613
What are the prime factors of 6873300?
2, 3, 5, 7, 1091
What are the prime factors of 2901478?
2, 1450739
What are the prime factors of 3226108?
2, 31, 26017
What are the prime factors of 11980417?
11980417
What are the prime factors of 216117?
3, 11, 37, 59
What are the prime factors of 765097?
765097
What are the prime factors of 243041?
23, 10567
List the prime factors of 6482333.
11, 13, 317
What are the prime factors of 460446?
2, 3, 7, 19, 577
What are the prime factors of 7723052?
2, 1930763
List the prime factors of 501584.
2, 23, 29, 47
List the prime factors of 3459801.
3, 1153267
What are the prime factors of 2701379?
29, 93151
List the prime factors of 117948.
2, 3, 9829
What are the prime factors of 195673?
419, 467
What are the prime factors of 11431047?
3, 3810349
List the prime factors of 3490465.
5, 11, 63463
List the prime factors of 3237792.
2, 3, 29, 1163
List the prime factors of 13682545.
5, 349, 7841
List the prime factors of 8337263.
11, 68903
What are the prime factors of 16735?
5, 3347
List the prime factors of 196279.
196279
What are the prime factors of 1168287?
3, 151, 2579
List the prime factors of 4577155.
5, 11, 83221
What are the prime factors of 218367?
3, 19, 1277
List the prime factors of 493716.
2, 3, 41143
What are the prime factors of 8387441?
109, 76949
What are the prime factors of 18262730?
2, 5, 853, 2141
List the prime factors of 644514.
2, 3, 13, 8263
What are the prime factors of 380345?
5, 7, 10867
What are the prime factors of 33637989?
3, 7, 11, 223, 653
What are the prime factors of 3640998?
2, 3, 606833
What are the prime factors of 262263?
3, 87421
List the prime factors of 67023.
3, 11, 677
What are the prime factors of 8811637?
8811637
List the prime factors of 231917.
7, 4733
What are the prime factors of 3457107?
3, 19, 23, 293
List the prime factors of 838752.
2, 3, 8737
What are the prime factors of 1997313?
3, 17, 39163
List the prime factors of 301294.
2, 7, 21521
List the prime factors of 1084212.
2, 3, 10039
List the prime factors of 538786.
2, 269393
What are the prime factors of 11503268?
2, 7, 311, 1321
What are the prime factors of 1570392?
2, 3, 17, 1283
What are the prime factors of 64910?
2, 5, 6491
What are the prime factors of 1539878?
2, 41, 89, 211
What are the prime factors of 431341?
17, 25373
What are the prime factors of 1105684?
2, 79, 3499
What are the prime factors of 741263?
463, 1601
What are the prime factors of 3612461?
31, 116531
List the prime factors of 373541.
7, 17, 43, 73
What are the prime factors of 9638762?
2, 7, 17, 40499
What are the prime factors of 66233?
107, 619
What are the prime factors of 245711?
245711
What are the prime factors of 13819934?
2, 6909967
What are the prime factors of 15693976?
2, 1961747
What are the prime factors of 677492?
2, 169373
What are the prime factors of 20280?
2, 3, 5, 13
What are the prime factors of 8384341?
7, 139, 1231
What are the prime factors of 5204269?
7, 521, 1427
What are the prime factors of 759945?
3, 5, 29, 1747
What are the prime factors of 3034934?
2, 7, 216781
List the prime factors of 5962720.
2, 5, 83, 449
What are the prime factors of 289386?
2, 3, 23, 233
List the prime factors of 606090.
2, 3, 5, 89, 227
What are the prime factors of 4681145?
5, 7, 79, 1693
List the prime factors of 12020559.
3, 19, 23, 53, 173
What are the prime factors of 357931?
7, 51133
What are the prime factors of 2303?
7, 47
List the prime factors of 484030.
2, 5, 97, 499
What are the prime factors of 437378?
2, 29, 7541
What are the prime factors of 21122887?
21122887
List the prime factors of 344128.
2, 19, 283
What are the prime factors of 380726?
2, 41, 4643
What are the prime factors of 1285229?
11, 31, 3769
List the prime factors of 1231250.
2, 5, 197
What are the prime factors of 2005007?
1409, 1423
List the prime factors of 10279283.
7, 1468469
What are the prime factors of 417343?
67, 6229
List the prime factors of 2283157.
701, 3257
List the prime factors of 1825889.
13, 140453
What are the prime factors of 5528154?
2, 3, 29, 31771
What are the prime factors of 24826465?
5, 29, 131, 1307
List the prime factors of 12952677.
3, 383, 11273
List the prime factors of 502421.
502421
What are the prime factors of 1119835?
5, 29, 7723
What are the prime factors of 2073977?
2073977
List the prime factors of 106636.
2, 53, 503
List the prime factors of 4587175.
5, 183487
What are the prime factors of 790392?
2, 3, 32933
What are the prime factors of 6051110?
2, 5, 13, 89, 523
What are the prime factors of 26192266?
2, 13096133
List the prime factors of 3112571.
7, 11, 40423
What are the prime factors of 239367?
3, 73, 1093
What are the prime factors of 14902798?
2, 7451399
List the prime factors of 17618700.
2, 3, 5, 11, 19, 281
What are the prime factors of 1608869?
31, 51899
List the prime factors of 22110542.
2, 191, 57881
What are the prime factors of 5710781?
5710781
What are the prime factors of 49350?
2, 3, 5, 7, 47
List the prime factors of 20203080.
2, 3, 5, 19, 8861
List the prime factors of 343037.
343037
List the prime factors of 19186.
2, 53, 181
What are the prime factors of 9271473?
3, 3090491
What are the prime factors of 23400017?
151, 353, 439
What are the prime factors of 125658?
2, 3, 13, 179
What are the prime factors of 4419452?
2, 263, 4201
List the prime factors of 7128178.
2, 41, 86929
List the prime factors of 322900.
2, 5, 3229
What are the prime factors of 10090671?
3, 1249, 2693
What are the prime factors of 348407?
348407
What are the prime factors of 1119948?
2, 3, 93329
List the prime factors of 14480226.
2, 3, 17, 79, 599
What are the prime factors of 357747?
3, 13, 9173
What are the prime factors of 1180847?
1180847
List the prime factors of 44474.
2, 37, 601
List the prime factors of 26185932.
2, 3, 139, 5233
List the prime factors of 4735809.
3, 13, 17, 2381
List the prime factors of 525728.
2, 7, 2347
What are the prime factors of 42569?
42569
What are the prime factors of 1216200?
2, 3, 5, 2027
List the prime factors of 6472076.
2, 13, 71, 1753
List the prime factors of 4765851.
3, 199, 887
What are the prime factors of 237072?
2, 3, 11, 449
List the prime factors of 3503284.
2, 875821
What are the prime factors of 188580?
2, 3, 5, 7, 449
List the prime factors of 141243.
3, 23, 89
What are the prime factors of 354076?
2, 17, 41, 127
W